 4/(-14) - 4/(-14). Suppose -5*d + 35 = -5*a, -5*a + 13 = -d - c. What is the remainder when q is divided by d?
11
Let r(w) = 4*w**2 + 2*w - 6. Let z(l) = 5*l**2 + 3*l - 6. Let p(i) = -6*r(i) + 5*z(i). Calculate the remainder when 30 is divided by p(-5).
14
Suppose -12*h = -9*h - 135. What is the remainder when 222 is divided by h?
42
Suppose 5*d - 25 + 0 = 0. Suppose 4*g = -2*m + 46, -1 = -d*m + 24. What is the remainder when g is divided by 5?
4
What is the remainder when 5 is divided by ((-6)/14)/(5/(-35))?
2
Suppose -2*f + 54 + 22 = 0. Suppose 5*c = f - 3. What is the remainder when c is divided by 6?
1
Let o(i) = 3*i - 8. Suppose 4*y + y = -r - 8, -r + 22 = -5*y. Calculate the remainder when 49 is divided by o(r).
10
Suppose 5*t - 69 = -2*o, -t + 5*t = 3*o + 46. Let r = 2 + 3. What is the remainder when t is divided by r?
3
Suppose 2*v + 540 = 17*v. What is the remainder when 142 is divided by v?
34
Suppose 0*d + 4*d - 84 = 0. What is the remainder when 59 is divided by d?
17
Let g = -73 - -36. Let s = g - -55. Calculate the remainder when 30 - (-4 - (-4 - -4)) is divided by s.
16
Let n be (-6)/(-10) - 88/(-20). Suppose -4*u - 4 = -n*v - 115, -3*u + 3*v = -84. What is the remainder when u is divided by 16?
13
Suppose 5*i + 19 - 44 = 0. Suppose 2*y + 12 = i*b + 1, -3*y + 6 = 0. What is the remainder when 5 is divided by b?
2
Suppose 14 = 5*o - 1. What is the remainder when (-20)/(-6) - (-2)/3 is divided by o?
1
Let s be (12/8)/(1/6). What is the remainder when s/2 - 1/(-2) is divided by 3?
2
Calculate the remainder when 61 is divided by (-65)/(-4) - 1/(-4)*-1.
13
Let x = -35 + 21. Calculate the remainder when 39 is divided by 124/6 + x/21.
19
Let w = 102 + -99. Let p(k) = 6*k**3 + k**2 - 2*k + 1. Calculate the remainder when p(1) is divided by w.
0
Calculate the remainder when (-194)/(-3) + (-2)/(-6) is divided by 3.
2
Suppose -o + 4*k = -34, -o + 4*k - 42 = -2*o. Suppose -5*n = 4*g - 0*n + 109, 0 = -2*g + 2*n - 50. Calculate the remainder when o is divided by g*(2/4 + -1).
12
Suppose 53 = 3*k - 16. Calculate the remainder when (-2 - 71/(-2))*2 is divided by k.
21
Suppose -4*a + a = -3. Let r(y) = y**2 + 5*y - 4. What is the remainder when r(-6) is divided by a?
0
Suppose 0 = 3*p - 4*p + 125. Suppose -2*o + 7*o + p = 0. Let g = -18 - o. What is the remainder when 13 is divided by g?
6
Let v = -100 + 239. Calculate the remainder when v is divided by 28.
27
Calculate the remainder when 24 is divided by ((-2)/3)/(16/(-216)).
6
Let p = -6 + -9. Let u = p + 24. What is the remainder when u is divided by 3?
0
Suppose 8*y - 15 = 3*y. Let a = -16 - -28. Let h(g) = g - 3. Calculate the remainder when h(a) is divided by y.
0
What is the remainder when (105/3 - 2) + -3 is divided by 10?
0
Suppose 6*q + x = q + 103, 0 = -q - 3*x + 15. Calculate the remainder when q is divided by 12.
9
Let l = -19 + 30. Suppose 2*k + 5 - l = 0. What is the remainder when 31 is divided by k/9*0 + 11?
9
Suppose 4*h = x + 7, -5*x + 2*h + 7 = 3*h. Let t be (6/4)/((-6)/(-8)). Suppose -t - x = -k. Calculate the remainder when 4 is divided by k.
1
Let h(s) = s - 44 + 44. What is the remainder when h(4) is divided by 3?
1
Let m = -65 - -114. Calculate the remainder when 18 is divided by ((-140)/m)/((-2)/7).
8
Let o be 4/12 + (-2)/6. Suppose o = g + 4*g - 20. Calculate the remainder when 13 is divided by g.
1
Suppose 0 = z + 2*m - 1, -6*z + 3*z + 9 = 3*m. Suppose -u + 3 = -10. Calculate the remainder when u is divided by z.
3
Suppose -4*n - 19 = -a, 4*n + 18 - 2 = 4*a. Let v(p) = -p**2 + 9*p - 4. Let x be v(7). Let j = x + n. Calculate the remainder when 14 is divided by j.
4
Let r = -10 + 8. Suppose -50 = -3*h + 13. What is the remainder when h is divided by (-18)/r - (-5 - -3)?
10
Suppose -x = -0*x + 1. What is the remainder when 1*((-27)/x - 2) is divided by 7?
4
Suppose 5*j + 2 = 3*d - 1, -4 = -4*j - 4*d. Suppose t = -t + 2*s + 82, j = -2*s - 10. Calculate the remainder when t is divided by 13.
10
Let y = 89 + -57. Calculate the remainder when y is divided by 11.
10
Let l(f) = f + 26. Suppose -3*n + g + 5 = 0, 0 = 2*n + 3*g - g + 10. Calculate the remainder when l(n) is divided by 14.
12
Let d = 10 + 0. Let z(k) = k + 12. Let n be z(-9). Suppose -2*w = -5*a - 4*w + 138, -109 = -4*a - n*w. What is the remainder when a is divided by d?
8
Let p = 3 + 8. What is the remainder when 20 is divided by p?
9
Let c = 67 + -65. What is the remainder when 0 - -1 - (0 - 5) is divided by c?
0
Let v = -15 - -57. Let m(f) = 4*f + 3. Calculate the remainder when v is divided by m(2).
9
What is the remainder when (0 - 4) + (-186)/(-3) is divided by 12?
10
Suppose 18*c - 144 = 15*c. What is the remainder when 185 is divided by c?
41
Suppose 2*x + 5*a = -18, -x = -0*a - a - 5. What is the remainder when 69 is divided by (x*-4)/(3/(-18))?
21
Suppose 2*g + 28 + 69 = 3*n, 0 = 2*g - 2. What is the remainder when 126 is divided by n?
27
Suppose 3*u + 3*g - 3 = 0, -5*g + 13 = -5*u - 4*g. Let x(z) = -4*z**2 + 5 + 13*z**2 - 1 - 2. Calculate the remainder when x(u) is divided by 20.
18
Let u(i) = i**2 - 7*i + 14. Calculate the remainder when 41 is divided by u(7).
13
Let s = 43 - 29. Let x = -2 - -5. Calculate the remainder when s is divided by (-2 + 14/x)*3.
6
Suppose -5*z = -2*z - 21. What is the remainder when z is divided by ((-15)/6)/(2/(-4))?
2
Suppose 640 = 3*k + 4*r, 408 = -0*k + 2*k - 2*r. What is the remainder when k is divided by 30?
28
Suppose -3*m + 46 = -50. Let g = -206 - -356. What is the remainder when m is divided by 6/21 - g/(-14)?
10
Suppose -4*o + 236 = -0*o. Let s = o + -42. Calculate the remainder when 50 is divided by s.
16
Let b(s) = s**3 + 10*s**2 - 10*s + 15. Let t be (-2)/4 + (-63)/(-2). Let h = t - 20. Calculate the remainder when h is divided by b(-11).
3
Let m(c) = -c**2 + 7*c + 25. Suppose 0 = -3*x + 12, x = 5*z - 383 - 103. What is the remainder when z is divided by m(7)?
23
Let l(w) = 12*w - 14. Let b(s) = -4*s + 5. Let m(a) = -7*b(a) - 2*l(a). Calculate the remainder when m(7) is divided by 8.
5
Suppose -2*i = 8, 3*f - 9 = -3*i - 0*i. Let j = -18 + f. Let h(c) = -c**2 - 15*c - 3. Calculate the remainder when h(j) is divided by 14.
13
Let l(j) = j**2 - 14*j - 23. Let t be 64/(-6)*(-3)/2. What is the remainder when l(t) is divided by 6?
3
Suppose -2*p + 16 = 3*q - 5, 4*q - 5*p - 51 = 0. Let c = -16 + 47. Suppose -1 = -2*j + c. Calculate the remainder when j is divided by q.
7
Let r = -8 - -8. Let l(o) = -o**3 + 5 + r*o - 4*o + 3*o. Calculate the remainder when l(0) is divided by 4.
1
Suppose 2*i + 0*i = 28. Calculate the remainder when 38 is divided by i.
10
Suppose 0 = -8*x + 12*x - 36. Let u = -42 + 77. Calculate the remainder when u is divided by x.
8
Let b(m) = m**3 - m**2 - 2*m. Let f be b(2). Let d = 1 - f. What is the remainder when 2 is divided by d?
0
Let l be 1/(-1)*0/(-3). Let s be 2 + (l - -35 - 1). Suppose 5*m = -t + 113 + 73, m = t + s. Calculate the remainder when m is divided by 10.
7
Let h(s) = -s**2 + 8*s - 5. Let u be h(8). Let k = u + 7. Calculate the remainder when 3 is divided by k.
1
Suppose -v - y + 5 = 0, -y = 1 + 2. What is the remainder when 1 + (9 - 0/(-2)) is divided by (-6)/v - 38/(-8)?
2
Let h = 4 + -1. Suppose -5*o - 3*q = -9, 0 = -o - 2*o - 3*q + h. Calculate the remainder when 5 is divided by o.
2
Suppose 6*n - 4*n - 12 = 0. What is the remainder when 17 is divided by n?
5
Let g(a) = 5*a. Let m be g(1). Suppose -m*b + 42 = -13. Calculate the remainder when 41 is divided by b.
8
Calculate the remainder when 9 is divided by (4 - 8) + 6 - -1.
0
Let r = 64 + -34. Suppose -55 - r = -j. Suppose -5*h = 3*v - j, -5*h + 3*v = 4*v - 75. What is the remainder when 41 is divided by h?
13
Calculate the remainder when 78 is divided by (-8)/12*(-35 - (-2 + 0)).
12
Let n(w) = -w**3 + 17*w**2 - 15*w + 2. Let o(u) = u**3 + 6*u**2 + 5*u + 5. Calculate the remainder when n(16) is divided by o(-5).
3
Suppose -j - 4*u + 42 - 5 = 0, 134 = 4*j + 2*u. What is the remainder when j is divided by 12?
9
Suppose 14*v - 3*v - 165 = 0. Calculate the remainder when v is divided by 14.
1
Suppose 3*o - 3*v - 96 = 0, 2*o + 52 = 4*o + 4*v. What is the remainder when 87 is divided by o?
27
Suppose -45 = -5*o + 3*z, 2*o - 3*z = -o + 33. Suppose 27 = 9*f - o*f. What is th